
Is 173249 a prime number?
True
Is 331027 a prime number?
True
Is 107039 prime?
False
Is 2800221 a composite number?
True
Is 4049 composite?
False
Is 9007 composite?
False
Is 9943 prime?
False
Is 697 composite?
True
Is 1193 a composite number?
False
Is 9874 prime?
False
Is 60509 composite?
False
Is 2195273 a composite number?
False
Is 305993 prime?
False
Is 947822 composite?
True
Is 6719 prime?
True
Is 58471 a composite number?
True
Is 839453 composite?
False
Is 4279 a prime number?
False
Is 32105 a prime number?
False
Is 93185 composite?
True
Is 86977 composite?
True
Is 59765 a composite number?
True
Is 35761 prime?
False
Is 29006 composite?
True
Is 6247 a composite number?
False
Is 667393 prime?
False
Is 69593 composite?
False
Is 2219621 composite?
False
Is 6757 composite?
True
Is 4358 prime?
False
Is 448597 prime?
True
Is 114053 a prime number?
False
Is 46387 a prime number?
False
Is 5639 a composite number?
False
Is 229841 composite?
False
Is 25819 composite?
False
Is 19501 a prime number?
True
Is 12071 prime?
True
Is 189307 prime?
True
Is 13157 prime?
False
Is 122639 prime?
False
Is 207637 composite?
True
Is 379 composite?
False
Is 3557 composite?
False
Is 47122 a composite number?
True
Is 2773 a composite number?
True
Is 57413 a prime number?
True
Is 1631729 a prime number?
False
Is 5299 a composite number?
True
Is 1559 composite?
False
Is 59263 a composite number?
False
Is 34973 a prime number?
False
Is 36251 composite?
False
Is 22303 a prime number?
True
Is 255173 prime?
True
Is 172759 prime?
True
Is 2579 composite?
False
Is 63191 a prime number?
False
Is 16319 a composite number?
False
Is 420731 a composite number?
False
Is 628733 prime?
False
Is 11251 a composite number?
False
Is 169891 prime?
True
Is 17149 a prime number?
False
Is 102893 prime?
False
Is 52837 a composite number?
False
Is 31591 prime?
False
Is 34271 a composite number?
True
Is 50937 a prime number?
False
Is 8519 composite?
True
Is 261679 prime?
False
Is 3557 a composite number?
False
Is 2668769 a composite number?
False
Is 769 prime?
True
Is 253081 prime?
True
Is 58906 composite?
True
Is 762479 a prime number?
True
Is 178103 a composite number?
False
Is 4897 composite?
True
Is 210767 prime?
False
Is 20663 composite?
False
Is 14939 a composite number?
False
Is 2495 prime?
False
Is 1543 prime?
True
Is 16649 a prime number?
True
Is 871 prime?
False
Is 1639 prime?
False
Is 20507 prime?
True
Is 1046 prime?
False
Is 6497 a composite number?
True
Is 6999 a composite number?
True
Is 214849 composite?
False
Is 47459 prime?
True
Is 304331 a prime number?
True
Is 101911 composite?
True
Is 10859 a composite number?
False
Is 9155 prime?
False
Is 39099 composite?
True
Is 640547 a composite number?
True
Is 22853 a composite number?
False
Is 27143 a composite number?
False
Is 885047 a composite number?
True
Is 36253 prime?
False
Is 28363 prime?
False
Is 3365 a prime number?
False
Is 1288303 composite?
True
Is 62521 a composite number?
True
Is 930653 a prime number?
True
Is 15877 prime?
True
Is 3251 a prime number?
True
Is 34123 a composite number?
False
Is 36809 prime?
True
Is 58361 a composite number?
True
Is 31397 a prime number?
True
Is 1119221 prime?
True
Is 80998 composite?
True
Is 5801 prime?
True
Is 14021 composite?
True
Is 185387 a prime number?
False
Is 8389157 prime?
False
Is 224593 composite?
True
Is 13315 a composite number?
True
Is 540677 a composite number?
False
Is 112687 composite?
False
Is 2497 a prime number?
False
Is 327113 composite?
True
Is 103903 composite?
False
Is 1205 a prime number?
False
Is 144161 prime?
True
Is 13649 prime?
True
Is 6421 a composite number?
False
Is 1505303 prime?
False
Is 286645 composite?
True
Is 6197 a composite number?
False
Is 4778 composite?
True
Is 287 a composite number?
True
Is 57811 a composite number?
True
Is 1108303 a prime number?
False
Is 602913 prime?
False
Is 47469 composite?
True
Is 2507 a prime number?
False
Is 767 a composite number?
True
Is 73163 a prime number?
False
Is 103007 a composite number?
False
Is 37651 a prime number?
False
Is 966497 prime?
False
Is 80029 composite?
True
Is 1271251 a composite number?
False
Is 20507 a composite number?
False
Is 7509 a composite number?
True
Is 86531 composite?
False
Is 10487 composite?
False
Is 250543 a composite number?
False
Is 11851 composite?
True
Is 3143 a prime number?
False
Is 8797 prime?
False
Is 3989 a prime number?
True
Is 22897 prime?
False
Is 29773 prime?
False
Is 18617 composite?
False
Is 1217 prime?
True
Is 891133 composite?
False
Is 2036707 composite?
True
Is 716321 composite?
False
Is 67385 a prime number?
False
Is 2093041 a prime number?
True
Is 234197 a composite number?
False
Is 100993 a prime number?
False
Is 3935 a prime number?
False
Is 5263 composite?
True
Is 109097 prime?
True
Is 394787 composite?
False
Is 181711 prime?
True
Is 52601 prime?
False
Is 1242131 a prime number?
False
Is 34493 composite?
True
Is 856063 prime?
False
Is 96218 prime?
False
Is 32297 prime?
True
Is 33431 a prime number?
False
Is 61431 prime?
False
Is 250595 composite?
True
Is 7397 prime?
False
Is 15359 composite?
False
Is 215849 a composite number?
True
Is 375191 a prime number?
False
Is 131581 composite?
False
Is 204047 prime?
True
Is 2129 composite?
False
Is 205883 composite?
False
Is 318377 composite?
False
Is 358634 a composite number?
True
Is 109 a composite number?
False
Is 37781 a prime number?
True
Is 378353 a prime number?
True
Is 1151 composite?
False
Is 2063 composite?
False
Is 54121 a prime number?
True
Is 59593 composite?
True
Is 264287 a prime number?
False
Is 4211 prime?
True
Is 226531 a prime number?
True
Is 20089 a prime number?
True
Is 183487 prime?
True
Is 168781 composite?
False
Is 41371 composite?
True
Is 18739 prime?
False
Is 50891 prime?
True
Is 1788442 a prime number?
False
Is 678893 prime?
False
Is 133769 a composite number?
False
Is 21053 a prime number?
False
Is 268403 a composite number?
False
Is 24883 a prime number?
False
Is 185219 composite?
True
Is 7331 composite?
False
Is 8653 a composite number?
True
Is 131993 a prime number?
False
Is 24907 a composite number?
False
Is 42794 a prime number?
False
Is 3644645 a composite number?
True
Is 9637 composite?
True
Is 2019 a prime number?
False
Is 13499 composite?
False
Is 1087 a composite number?
False
Is 71537 a prime number?
True
Is 25367 prime?
True
Is 18085 a prime number?
False
Is 2999 prime?
True
Is 1294 a composite number?
True
Is 132001 a composite number?
False
Is 2897 a prime number?
True
Is 2251949 a composite number?
True
Is 33095 a prime number?
False
Is 2721 a prime number?
False
Is 18797 a prime number?
True
Is 201257 composite?
True
Is 61001 composite?
False
Is 116089 prime?
True
Is 214589 a prime number?
True
Is 105019 composite?
False
Is 381559 a composite number?
False
Is 8209 composite?
False
Is 67994 composite?
True
Is 15859 prime?
True
Is 3706433 a prime number?
True
Is 28789 a prime number?
True
Is 79031 a prime number?
True
Is 193649 a prime number?
True
Is 469 a prime number?
False
Is 38281 a composite number?
False
Is 757507 composite?
False
Is 10361 composite?
True
Is 1219 prime?
False
Is 32762 prime?
False
Is 74521 prime?
True
Is 1333889 composite?
False
Is 611089 a composite number?
True
Is 23143 a composite number?
False
Is 3805 composite?
True
Is 430891 prime?
True
Is 26237 composite?
False
Is 262657 a composite number?
False
Is 6029 prime?
True
Is 550217 a prime number?
False
Is 5513 a prime number?
False
Is 3015487 prime?
True
Is 14243 a prime number?
True
Is 933 composite?
True
Is 5351 prime?
True
Is 49291 a composite number?
True
Is 733513 a composite number?
True
Is 63097 a prime number?
True
Is 12461 prime?
False
Is 56611 prime?
True
Is 344417 a prime number?
True
Is 4493 a prime number?
True
Is 55243 prime?
True
Is 3371 composite?
False
Is 14401 composite?
False
Is 468701 composite?
True
Is 21241 composite?
True
Is 191 composite?
False
Is 8213 a composite number?
True
Is 13291 prime?
True
Is 694781 a composite number?
False
Is 29059 a composite number?
False
Is 58303 composite?
True
Is 167507 a composite number?
True
Is 989623 composite?
False
Is 17569 a composite number?
False
Is 6803 a prime number?
True
Is 1428751 composite?
False
Is 9983 prime?
False
Is 57149 